[INFO] fetching crate orange 0.1.3...
[INFO] checking orange-0.1.3 against master#9610dfe5a9a731ced1ea4923ecbd0c57fe367898 for beta-170-4
[INFO] extracting crate orange 0.1.3 into /workspace/builds/worker-7-tc1/source
[INFO] validating manifest of crates.io crate orange 0.1.3 on toolchain 9610dfe5a9a731ced1ea4923ecbd0c57fe367898
[INFO] running `Command { std: CARGO_HOME="/workspace/cargo-home" RUSTUP_HOME="/workspace/rustup-home" "/workspace/cargo-home/bin/cargo" "+9610dfe5a9a731ced1ea4923ecbd0c57fe367898" "metadata" "--manifest-path" "Cargo.toml" "--no-deps", kill_on_drop: false }`
[INFO] started tweaking crates.io crate orange 0.1.3
[INFO] finished tweaking crates.io crate orange 0.1.3
[INFO] tweaked toml for crates.io crate orange 0.1.3 written to /workspace/builds/worker-7-tc1/source/Cargo.toml
[INFO] running `Command { std: CARGO_HOME="/workspace/cargo-home" RUSTUP_HOME="/workspace/rustup-home" __CARGO_TEST_CHANNEL_OVERRIDE_DO_NOT_USE_THIS="nightly" "/workspace/cargo-home/bin/cargo" "+9610dfe5a9a731ced1ea4923ecbd0c57fe367898" "generate-lockfile" "--manifest-path" "Cargo.toml" "-Zno-index-update", kill_on_drop: false }`
[INFO] running `Command { std: CARGO_HOME="/workspace/cargo-home" RUSTUP_HOME="/workspace/rustup-home" "/workspace/cargo-home/bin/cargo" "+9610dfe5a9a731ced1ea4923ecbd0c57fe367898" "fetch" "--manifest-path" "Cargo.toml", kill_on_drop: false }`
[INFO] running `Command { std: "docker" "create" "-v" "/var/lib/crater-agent-workspace/builds/worker-7-tc1/target:/opt/rustwide/target:rw,Z" "-v" "/var/lib/crater-agent-workspace/builds/worker-7-tc1/source:/opt/rustwide/workdir:ro,Z" "-v" "/var/lib/crater-agent-workspace/cargo-home:/opt/rustwide/cargo-home:ro,Z" "-v" "/var/lib/crater-agent-workspace/rustup-home:/opt/rustwide/rustup-home:ro,Z" "-e" "SOURCE_DIR=/opt/rustwide/workdir" "-e" "CARGO_TARGET_DIR=/opt/rustwide/target" "-e" "CARGO_HOME=/opt/rustwide/cargo-home" "-e" "RUSTUP_HOME=/opt/rustwide/rustup-home" "-w" "/opt/rustwide/workdir" "-m" "1610612736" "--user" "0:0" "--network" "none" "ghcr.io/rust-lang/crates-build-env/linux@sha256:5ff2268d62e97bff2cde7d5815dd6ed5b47097566f13b8d0ca110b04b60e07ed" "/opt/rustwide/cargo-home/bin/cargo" "+9610dfe5a9a731ced1ea4923ecbd0c57fe367898" "metadata" "--no-deps" "--format-version=1", kill_on_drop: false }`
[INFO] [stdout] 58022b351ff8942076a7c83509df4a53149519b57e29c3e4eed391fffbd465e8
[INFO] running `Command { std: "docker" "start" "-a" "58022b351ff8942076a7c83509df4a53149519b57e29c3e4eed391fffbd465e8", kill_on_drop: false }`
[INFO] running `Command { std: "docker" "inspect" "58022b351ff8942076a7c83509df4a53149519b57e29c3e4eed391fffbd465e8", kill_on_drop: false }`
[INFO] running `Command { std: "docker" "rm" "-f" "58022b351ff8942076a7c83509df4a53149519b57e29c3e4eed391fffbd465e8", kill_on_drop: false }`
[INFO] [stdout] 58022b351ff8942076a7c83509df4a53149519b57e29c3e4eed391fffbd465e8
[INFO] running `Command { std: "docker" "create" "-v" "/var/lib/crater-agent-workspace/builds/worker-7-tc1/target:/opt/rustwide/target:rw,Z" "-v" "/var/lib/crater-agent-workspace/builds/worker-7-tc1/source:/opt/rustwide/workdir:ro,Z" "-v" "/var/lib/crater-agent-workspace/cargo-home:/opt/rustwide/cargo-home:ro,Z" "-v" "/var/lib/crater-agent-workspace/rustup-home:/opt/rustwide/rustup-home:ro,Z" "-e" "SOURCE_DIR=/opt/rustwide/workdir" "-e" "CARGO_TARGET_DIR=/opt/rustwide/target" "-e" "CARGO_INCREMENTAL=0" "-e" "RUST_BACKTRACE=full" "-e" "RUSTFLAGS=--cap-lints=forbid" "-e" "RUSTDOCFLAGS=--cap-lints=forbid" "-e" "CARGO_HOME=/opt/rustwide/cargo-home" "-e" "RUSTUP_HOME=/opt/rustwide/rustup-home" "-w" "/opt/rustwide/workdir" "-m" "1610612736" "--user" "0:0" "--network" "none" "ghcr.io/rust-lang/crates-build-env/linux@sha256:5ff2268d62e97bff2cde7d5815dd6ed5b47097566f13b8d0ca110b04b60e07ed" "/opt/rustwide/cargo-home/bin/cargo" "+9610dfe5a9a731ced1ea4923ecbd0c57fe367898" "check" "--frozen" "--all" "--all-targets" "--message-format=json", kill_on_drop: false }`
[INFO] [stdout] 72a11234ffd65bea0a79057acb6f1b2997f527d3941bbfcbb8cd6163ce1eba02
[INFO] running `Command { std: "docker" "start" "-a" "72a11234ffd65bea0a79057acb6f1b2997f527d3941bbfcbb8cd6163ce1eba02", kill_on_drop: false }`
[INFO] [stderr]     Checking bit_field v0.10.2
[INFO] [stderr]     Checking orange v0.1.3 (/opt/rustwide/workdir)
[INFO] [stdout] error[E0557]: feature has been removed
[INFO] [stdout]  --> src/lib.rs:2:34
[INFO] [stdout]   |
[INFO] [stdout] 2 | #![feature(global_asm, llvm_asm, const_generics)]
[INFO] [stdout]   |                                  ^^^^^^^^^^^^^^ feature has been removed
[INFO] [stdout]   |
[INFO] [stdout]   = note: removed in favor of `#![feature(adt_const_params)]` and `#![feature(generic_const_exprs)]`
[INFO] [stdout] 
[INFO] [stdout] 
[INFO] [stdout] error[E0557]: feature has been removed
[INFO] [stdout]  --> src/lib.rs:2:34
[INFO] [stdout]   |
[INFO] [stdout] 2 | #![feature(global_asm, llvm_asm, const_generics)]
[INFO] [stdout]   |                                  ^^^^^^^^^^^^^^ feature has been removed
[INFO] [stdout]   |
[INFO] [stdout]   = note: removed in favor of `#![feature(adt_const_params)]` and `#![feature(generic_const_exprs)]`
[INFO] [stdout] 
[INFO] [stdout] 
[INFO] [stdout] error: cannot find macro `llvm_asm` in this scope
[INFO] [stdout]   --> src/power.rs:64:5
[INFO] [stdout]    |
[INFO] [stdout] 64 |     llvm_asm!("fence.i" :::: "volatile");
[INFO] [stdout]    |     ^^^^^^^^
[INFO] [stdout] 
[INFO] [stdout] 
[INFO] [stdout] error: cannot find macro `llvm_asm` in this scope
[INFO] [stdout]  --> src/interrupt.rs:4:9
[INFO] [stdout]   |
[INFO] [stdout] 4 |         llvm_asm!("csrrc $0, mstatus, $1" : "=r" (prev_mstatus) : "r" (1 << 3) :: "volatile"); // mie
[INFO] [stdout]   |         ^^^^^^^^
[INFO] [stdout] 
[INFO] [stdout] 
[INFO] [stdout] error: cannot find macro `llvm_asm` in this scope
[INFO] [stdout]  --> src/interrupt.rs:9:13
[INFO] [stdout]   |
[INFO] [stdout] 9 |             llvm_asm!("csrs mstatus, $0" :: "r" (1 << 3) :: "volatile"); // mie
[INFO] [stdout]   |             ^^^^^^^^
[INFO] [stdout] 
[INFO] [stdout] 
[INFO] [stdout] error: cannot find macro `llvm_asm` in this scope
[INFO] [stdout]   --> src/power.rs:64:5
[INFO] [stdout]    |
[INFO] [stdout] 64 |     llvm_asm!("fence.i" :::: "volatile");
[INFO] [stdout]    |     ^^^^^^^^
[INFO] [stdout] 
[INFO] [stdout] 
[INFO] [stdout] error: cannot find macro `llvm_asm` in this scope
[INFO] [stdout]  --> src/interrupt.rs:4:9
[INFO] [stdout]   |
[INFO] [stdout] 4 |         llvm_asm!("csrrc $0, mstatus, $1" : "=r" (prev_mstatus) : "r" (1 << 3) :: "volatile"); // mie
[INFO] [stdout]   |         ^^^^^^^^
[INFO] [stdout] 
[INFO] [stdout] 
[INFO] [stdout] error: cannot find macro `llvm_asm` in this scope
[INFO] [stdout]  --> src/interrupt.rs:9:13
[INFO] [stdout]   |
[INFO] [stdout] 9 |             llvm_asm!("csrs mstatus, $0" :: "r" (1 << 3) :: "volatile"); // mie
[INFO] [stdout]   |             ^^^^^^^^
[INFO] [stdout] 
[INFO] [stdout] 
[INFO] [stdout] warning: unnecessary parentheses around function argument
[INFO] [stdout]    --> src/gpio.rs:106:42
[INFO] [stdout]     |
[INFO] [stdout] 106 |             mmio::write(BANK_0_INTR_ACK, (1 << self.0));
[INFO] [stdout]     |                                          ^           ^
[INFO] [stdout]     |
[INFO] [stdout]     = note: `#[warn(unused_parens)]` on by default
[INFO] [stdout] help: remove these parentheses
[INFO] [stdout]     |
[INFO] [stdout] 106 -             mmio::write(BANK_0_INTR_ACK, (1 << self.0));
[INFO] [stdout] 106 +             mmio::write(BANK_0_INTR_ACK, 1 << self.0);
[INFO] [stdout]     |
[INFO] [stdout] 
[INFO] [stdout] 
[INFO] [stdout] warning: unnecessary parentheses around function argument
[INFO] [stdout]   --> src/power.rs:15:32
[INFO] [stdout]    |
[INFO] [stdout] 15 |         mmio::write(POWER_REG, (1 << BIT_RESET));
[INFO] [stdout]    |                                ^              ^
[INFO] [stdout]    |
[INFO] [stdout] help: remove these parentheses
[INFO] [stdout]    |
[INFO] [stdout] 15 -         mmio::write(POWER_REG, (1 << BIT_RESET));
[INFO] [stdout] 15 +         mmio::write(POWER_REG, 1 << BIT_RESET);
[INFO] [stdout]    |
[INFO] [stdout] 
[INFO] [stdout] 
[INFO] [stdout] warning: unnecessary parentheses around assigned value
[INFO] [stdout]   --> src/flash.rs:66:17
[INFO] [stdout]    |
[INFO] [stdout] 66 |         sr_2 |= (1 << 1); // QE bit
[INFO] [stdout]    |                 ^      ^
[INFO] [stdout]    |
[INFO] [stdout] help: remove these parentheses
[INFO] [stdout]    |
[INFO] [stdout] 66 -         sr_2 |= (1 << 1); // QE bit
[INFO] [stdout] 66 +         sr_2 |= 1 << 1; // QE bit
[INFO] [stdout]    |
[INFO] [stdout] 
[INFO] [stdout] 
[INFO] [stdout] warning: unused imports: `read_volatile`, `write_volatile`
[INFO] [stdout]  --> src/harduart.rs:3:17
[INFO] [stdout]   |
[INFO] [stdout] 3 | use core::ptr::{read_volatile, write_volatile};
[INFO] [stdout]   |                 ^^^^^^^^^^^^^  ^^^^^^^^^^^^^^
[INFO] [stdout]   |
[INFO] [stdout]   = note: `#[warn(unused_imports)]` on by default
[INFO] [stdout] 
[INFO] [stdout] 
[INFO] [stdout] warning: unnecessary parentheses around function argument
[INFO] [stdout]    --> src/gpio.rs:106:42
[INFO] [stdout]     |
[INFO] [stdout] 106 |             mmio::write(BANK_0_INTR_ACK, (1 << self.0));
[INFO] [stdout]     |                                          ^           ^
[INFO] [stdout]     |
[INFO] [stdout]     = note: `#[warn(unused_parens)]` on by default
[INFO] [stdout] help: remove these parentheses
[INFO] [stdout]     |
[INFO] [stdout] 106 -             mmio::write(BANK_0_INTR_ACK, (1 << self.0));
[INFO] [stdout] 106 +             mmio::write(BANK_0_INTR_ACK, 1 << self.0);
[INFO] [stdout]     |
[INFO] [stdout] 
[INFO] [stdout] 
[INFO] [stdout] warning: unnecessary parentheses around function argument
[INFO] [stdout]   --> src/power.rs:15:32
[INFO] [stdout]    |
[INFO] [stdout] 15 |         mmio::write(POWER_REG, (1 << BIT_RESET));
[INFO] [stdout]    |                                ^              ^
[INFO] [stdout]    |
[INFO] [stdout] help: remove these parentheses
[INFO] [stdout]    |
[INFO] [stdout] 15 -         mmio::write(POWER_REG, (1 << BIT_RESET));
[INFO] [stdout] 15 +         mmio::write(POWER_REG, 1 << BIT_RESET);
[INFO] [stdout]    |
[INFO] [stdout] 
[INFO] [stdout] 
[INFO] [stdout] warning: unnecessary parentheses around assigned value
[INFO] [stdout]   --> src/flash.rs:66:17
[INFO] [stdout]    |
[INFO] [stdout] 66 |         sr_2 |= (1 << 1); // QE bit
[INFO] [stdout]    |                 ^      ^
[INFO] [stdout]    |
[INFO] [stdout] help: remove these parentheses
[INFO] [stdout]    |
[INFO] [stdout] 66 -         sr_2 |= (1 << 1); // QE bit
[INFO] [stdout] 66 +         sr_2 |= 1 << 1; // QE bit
[INFO] [stdout]    |
[INFO] [stdout] 
[INFO] [stdout] 
[INFO] [stdout] warning: unused imports: `read_volatile`, `write_volatile`
[INFO] [stdout]  --> src/harduart.rs:3:17
[INFO] [stdout]   |
[INFO] [stdout] 3 | use core::ptr::{read_volatile, write_volatile};
[INFO] [stdout]   |                 ^^^^^^^^^^^^^  ^^^^^^^^^^^^^^
[INFO] [stdout]   |
[INFO] [stdout]   = note: `#[warn(unused_imports)]` on by default
[INFO] [stdout] 
[INFO] [stdout] 
[INFO] [stdout] warning: the feature `global_asm` has been stable since 1.59.0 and no longer requires an attribute to enable
[INFO] [stdout]  --> src/lib.rs:2:12
[INFO] [stdout]   |
[INFO] [stdout] 2 | #![feature(global_asm, llvm_asm, const_generics)]
[INFO] [stdout]   |            ^^^^^^^^^^
[INFO] [stdout]   |
[INFO] [stdout]   = note: `#[warn(stable_features)]` on by default
[INFO] [stdout] 
[INFO] [stdout] 
[INFO] [stdout] error[E0635]: unknown feature `llvm_asm`
[INFO] [stdout]  --> src/lib.rs:2:24
[INFO] [stdout]   |
[INFO] [stdout] 2 | #![feature(global_asm, llvm_asm, const_generics)]
[INFO] [stdout]   |                        ^^^^^^^^
[INFO] [stdout] 
[INFO] [stdout] 
[INFO] [stdout] warning: the feature `global_asm` has been stable since 1.59.0 and no longer requires an attribute to enable
[INFO] [stdout]  --> src/lib.rs:2:12
[INFO] [stdout]   |
[INFO] [stdout] 2 | #![feature(global_asm, llvm_asm, const_generics)]
[INFO] [stdout]   |            ^^^^^^^^^^
[INFO] [stdout]   |
[INFO] [stdout]   = note: `#[warn(stable_features)]` on by default
[INFO] [stdout] 
[INFO] [stdout] 
[INFO] [stdout] error[E0635]: unknown feature `llvm_asm`
[INFO] [stdout]  --> src/lib.rs:2:24
[INFO] [stdout]   |
[INFO] [stdout] 2 | #![feature(global_asm, llvm_asm, const_generics)]
[INFO] [stdout]   |                        ^^^^^^^^
[INFO] [stdout] 
[INFO] [stdout] 
[INFO] [stdout] error: aborting due to 5 previous errors; 5 warnings emitted
[INFO] [stdout] 
[INFO] [stdout] 
[INFO] [stdout] Some errors have detailed explanations: E0557, E0635.
[INFO] [stdout] 
[INFO] [stdout] For more information about an error, try `rustc --explain E0557`.
[INFO] [stdout] 
[INFO] [stderr] error: could not compile `orange` (lib) due to 6 previous errors; 5 warnings emitted
[INFO] [stderr] warning: build failed, waiting for other jobs to finish...
[INFO] [stdout] error: aborting due to 5 previous errors; 5 warnings emitted
[INFO] [stdout] 
[INFO] [stdout] 
[INFO] [stdout] Some errors have detailed explanations: E0557, E0635.
[INFO] [stdout] 
[INFO] [stdout] For more information about an error, try `rustc --explain E0557`.
[INFO] [stdout] 
[INFO] [stderr] error: could not compile `orange` (lib test) due to 6 previous errors; 5 warnings emitted
[INFO] running `Command { std: "docker" "inspect" "72a11234ffd65bea0a79057acb6f1b2997f527d3941bbfcbb8cd6163ce1eba02", kill_on_drop: false }`
[INFO] running `Command { std: "docker" "rm" "-f" "72a11234ffd65bea0a79057acb6f1b2997f527d3941bbfcbb8cd6163ce1eba02", kill_on_drop: false }`
[INFO] [stdout] 72a11234ffd65bea0a79057acb6f1b2997f527d3941bbfcbb8cd6163ce1eba02
